 3. Let v be -1*q - (1 + -4). Suppose v*z = -z + 11. List the prime factors of z.
11
Let q = 44 - -39. List the prime factors of q.
83
Let x(r) = -r**3 - 4*r**2 - 3*r - 4. What are the prime factors of x(-4)?
2
Let n(x) = x**3 - 17*x**2 + 22*x - 21. List the prime factors of n(16).
3, 5
Suppose 3*p - 6 = 0, 5*d + p - 1889 - 6463 = 0. List the prime factors of d/150 - 4/30.
11
Suppose 2*r = -5*k + 50, 0*k + 18 = r - k. Let m = -47 + r. What are the prime factors of (-24)/(-9)*m/(-12)?
2, 3
Suppose -82 = -l - l. List the prime factors of l.
41
Let x(f) = -f**2 + f + 19. Let z be x(0). Let d = 29 - z. List the prime factors of d.
2, 5
Let h(o) = -55*o**3 - o. List the prime factors of h(-1).
2, 7
Let r = 168 + -23. What are the prime factors of r?
5, 29
List the prime factors of 105/9 - (-4)/3.
13
Suppose 0*j - 3*j + 11 = a, -16 = 2*j - 4*a. Suppose -30 = -3*n + j*n. List the prime factors of n.
2, 3, 5
Let x = 4 - 1. Suppose 2 = d - 0*d - x*f, f - 2 = 0. What are the prime factors of 2/d + 357/28?
13
Let v be (2 + 1)*(-2)/(-6). Suppose 5*n - 16 = 2*y, -3*y - 18 - v = -5*n. List the prime factors of n/((-6)/(-3)) - -4.
5
Let o = 0 - -5. Suppose o*i = 3*i + 16. What are the prime factors of i?
2
Suppose 0*d = 3*d. Suppose 5*l = -d*l. Suppose -2*x + 0*x + 12 = l. What are the prime factors of x?
2, 3
Suppose -4*t - 13 - 11 = 0. Let u = -2 - t. Suppose 0 = -2*l - 4*q + 14, u*q + 49 = 7*l - 2*l. List the prime factors of l.
3
Let p(n) = -n**3 - 5*n**2 + 4*n - 5. List the prime factors of p(-6).
7
Let g be -3 + 3/(-1) + 8. Let s(u) = 2*u**3 + 2*u**2 - 2*u + 2. What are the prime factors of s(g)?
2, 11
Suppose 0 = -3*p - 0*a - 5*a + 51, 4*p = -5*a + 68. List the prime factors of p.
17
What are the prime factors of (-9)/(-18) - 902/(-4)?
2, 113
Suppose 0 = -v - 2*r + 33, 5*v + 4*r - 117 = 66. What are the prime factors of v?
3, 13
Let o = -1 - 43. Suppose 5*t + w + 3*w = -147, -t - 15 = -4*w. Let b = t - o. What are the prime factors of b?
17
Suppose 3*o - 13 = 2. Suppose 0 = -o*r + 22 + 58. List the prime factors of r.
2
Suppose -5*y + 3 + 12 = 0. Let p be (y/(-6))/(1/(-8)). Suppose p*f = -4 + 12. What are the prime factors of f?
2
Let j = 25 + -12. List the prime factors of j.
13
Suppose -x + 60 = 2*x. Let f(u) = 13*u - 1. Let h be f(-1). What are the prime factors of 0 - 7/(h/x)?
2, 5
Let m(p) = 2*p**2 - 3*p - 4. Let w be 3*-1*(-2)/2. What are the prime factors of m(w)?
5
Let k be ((-3)/9 + 1)*-18. Suppose 3*n - 88 = -16. Let x = k + n. List the prime factors of x.
2, 3
Let p = -97 + 176. List the prime factors of p.
79
Let r = 107 - 45. List the prime factors of r.
2, 31
Let c(g) = -g - 6. Let j be c(-7). Let b = 8 + j. List the prime factors of b.
3
Suppose 3*x = 2*x - 1. Let m(l) = 5*l**3 - 3*l**2 - 4*l. Let c(p) = p**3 - p**2. Let y(z) = x*m(z) + 6*c(z). List the prime factors of y(3).
2, 3
Let h = 17 + -13. Suppose -4*s - 34 + 154 = h*a, 2*s = -a + 57. What are the prime factors of s?
3
Suppose -25 = -p + 6. Suppose -2*o = -2*b - 8, 5*o - 18 = b + 2. Suppose -3*w - 6 = b, 0 = -3*z - 0*z - w + p. What are the prime factors of z?
11
Suppose -3*a - h = -9, -2*a = -5*h - 5 - 18. Let y = a - 1. Suppose -y*x = -0*x - 30. List the prime factors of x.
2, 5
Let m(g) = 3*g**3 - 3*g**2 + 2*g - 1. Let w(o) = -1. Let s(d) = -d - 6. Let y(h) = -s(h) + 4*w(h). Let t be y(0). List the prime factors of m(t).
3, 5
Let q(v) = -v. Let u be (0 + -1)/(0 - 1). Let l(f) = f**2 + f + 2. Let s(z) = u*q(z) + l(z). What are the prime factors of s(3)?
11
List the prime factors of 2*1/(-2) + 4.
3
Suppose -6*t + 28 = -t - 3*l, 0 = 3*t + 4*l - 40. Let m = t + -6. What are the prime factors of (m/2)/(5/15)?
3
Let u(a) = -7 - 7 + 4 - 2*a. Let d = -53 + 45. What are the prime factors of u(d)?
2, 3
Suppose -3 + 33 = 5*o. Suppose -5*p - 2*q + 63 = -o*q, -4*q = -2*p + 18. List the prime factors of p.
3, 5
Suppose -2*u - l = -111 + 36, -36 = -u - l. What are the prime factors of u?
3, 13
Let i = 41 + -20. What are the prime factors of i/6 - (-1)/2?
2
Suppose -2*x + 209 = 25. List the prime factors of (-1)/(-2*1/x).
2, 23
Let u(x) = -x**2 - 6*x + 5. Let p be u(-6). Let m(s) = 2*s**2 - 7*s + 1. List the prime factors of m(p).
2
Let j be -2 - 0 - (0 - -1). Let c = j + 3. Suppose c = -0*u + 3*u - 24. What are the prime factors of u?
2
Suppose -6*h = -2*h - 312. What are the prime factors of h?
2, 3, 13
Let n be (6 + -3 + -5)*-3. Suppose -n*d + 3*d = 0. Suppose 0 = -p - d*p + 6. List the prime factors of p.
2, 3
Let i(w) = -3*w**3 + w**2 + 3*w - 3. Let n be i(2). Let k = n + 29. What are the prime factors of k?
2, 3
Suppose 3*n = 2*n - 6. List the prime factors of ((-2)/n)/((-1)/(-39)).
13
Suppose -2*j + 189 = -39. What are the prime factors of j?
2, 3, 19
Suppose 5*h + 32 = 2*p + h, p + 12 = -5*h. Suppose 3*n - 5*n = -p. What are the prime factors of n?
2
List the prime factors of -7 - -13 - (1 + -2).
7
Let c(g) = g**2 + 3*g**3 - 4*g**2 + 0*g**2. Let o(m) = -m + 6. Let j be o(4). What are the prime factors of c(j)?
2, 3
Let o be (-47)/(-7) - (-20)/70. Let z = -2 + o. Suppose -3*q + z*q = -y + 9, 4*y - 4*q - 12 = 0. What are the prime factors of y?
5
Suppose 0 = -o - 3*o - 300. List the prime factors of (-2)/5 + (-1830)/o.
2, 3
Let a(l) = l**2 - 3*l - 1. Let n be a(4). Suppose -3*g + n*b - 7 = -1, -5*b + 22 = g. Suppose 0 = 3*r + g - 14. List the prime factors of r.
2
Suppose 73 = m + 19. What are the prime factors of m?
2, 3
Suppose -6 = 3*n + y + 2, -4*n = -3*y + 2. Let g(w) = -4*w**3 - 3*w**2 - 3*w. List the prime factors of g(n).
2, 13
Suppose -3273 + 465 = -13*l. What are the prime factors of l?
2, 3
Let n(q) be the second derivative of q**6/720 + 7*q**5/120 + q**4/6 + 3*q. Let r(p) be the third derivative of n(p). List the prime factors of r(6).
13
Suppose 4*d - 3*d = 8. Let n be 4 - 3 - (2 - d). Let g = n + 3. What are the prime factors of g?
2, 5
Suppose 2*d - 5 - 3 = 0. Let q be 1/(2 - (-2 + 5)). Let l = d - q. What are the prime factors of l?
5
What are the prime factors of (0 + -1)/(3/(-48))?
2
Let o(l) = -l**2 - 2*l + 3. Let b be -3 + 1*6/(-2). Let a be o(b). Let z = -8 - a. What are the prime factors of z?
13
Let u(l) = -l**3 + 2*l**2 + 2*l + 1. Let a be u(3). Let c = 2 - a. Suppose 3*i = 3*f - 2 + 47, -c*i + 51 = -f. List the prime factors of i.
2, 3
Let b(j) = 2*j**2 - 3*j + 1. Let g = 7 - 5. Let a be b(g). Suppose 2 = m + a*o - 16, 4*o - 44 = -3*m. What are the prime factors of m?
2, 3
Suppose k + 2 = -k. Let b = 4 + k. List the prime factors of b.
3
Let z = 14 + -10. Suppose 0 = -5*q + 25, 4*m + z*q = -m + 30. What are the prime factors of m?
2
Let z(s) = s**3 + 8*s**2 - 8*s + 7. Let k be z(-9). What are the prime factors of 14 + k + 3 + -2?
13
Let i = -38 + 53. Suppose -2*h + i = h + 3*v, 2*v = -3*h + 18. List the prime factors of h.
2
Let a(u) = -3*u**3 + u**2 + 9*u - 6. Let n(z) = -7*z**3 + z**2 + 19*z - 12. Let c(x) = -9*a(x) + 4*n(x). List the prime factors of c(-5).
31
List the prime factors of (-2)/(-10) - (-6 + (-698)/10).
2, 19
List the prime factors of ((-224)/(-12) + -1 - 1)*6.
2, 5
Let k(a) = 2*a - 6. Let n be k(6). Suppose 4*i + 38 = n*i. List the prime factors of i.
19
Suppose 0 = -2*r + x + 4 - 1, 6 = 3*r - 3*x. Suppose -29 = 5*w + r. Let a = -3 - w. List the prime factors of a.
3
Let a = -14 + -6. What are the prime factors of a*(-1 - 1)/4?
2, 5
What are the prime factors of (3/((-6)/34))/(-1)?
17
Let c be 5/3 - 2/(-6). Suppose 3*o = 4*f - 0*o - 46, 17 = f + c*o. Let s = 19 - f. List the prime factors of s.
2, 3
Suppose 0 = q - 0 + 1. What are the prime factors of q + 1 + 6 + 0?
2, 3
Suppose -220 = 3*g - 595. List the prime factors of g.
5
Suppose -2*y = 3*y - 220. List the prime factors of y.
2, 11
Suppose -181 = -6*o + 167. What are the prime factors of o?
2, 29
Let z(g) = 3*g**2 + 11*g. List the prime factors of z(-8).
2, 13
Let w be 6 + -2 - (3 - 4). Suppose 0 = w*i + 3*q - 144, 5*q - 2*q - 54 = -2*i. List the prime factors of i.
2, 3, 5
Let g(x) = x**3 + 6*x**2 + x + 6. Let f be g(-6). Let z = f - -19. What are the prime factors of z?
19
Let n(h) = 4*h + 24. List the prime factors of n(11).
2, 17
Suppose 43*q = 47*q - 248. List the prime factors of q.
2, 31
Suppose 5*b - 1059 = 4*p, 3*p = b - 173 - 30. List the prime factors of b.
5, 43
What are 